 2.
1
Let u be ((-5)/(-2))/(-3 + (-365)/(-120)). Calculate the remainder when 73 is divided by (-128)/(-5) - u/100.
23
Let d(z) = -z**2 - 6*z. What is the remainder when 73 is divided by d(-3)?
1
Let o(k) = k + 28. Calculate the remainder when 16 is divided by o(-18).
6
Let t be (6/10)/((-3)/30). Calculate the remainder when 15 is divided by 15/90 + (-47)/t.
7
Suppose -4*l + 18 = -62. Suppose 2*v = -5*w + 11, 2*w - 7 = -w - v. Suppose w*o + 30 - 321 = 0. Calculate the remainder when o is divided by l.
17
Let h(c) = -c**2 + 12*c - 36. Let k be h(7). Let x(z) = 21*z**2 + 3*z + 3. What is the remainder when 146 is divided by x(k)?
20
Let f = -1071 - -1177. Calculate the remainder when f is divided by 28.
22
Suppose -6*j + 3*j = -39. Suppose 3*i + 7 = 4*i. What is the remainder when j is divided by i?
6
Suppose -4*b + 3*t + 69 = 0, -3*b = t - 32 - 23. What is the remainder when 143 is divided by b?
17
Suppose -q + 420 = -5*v - 21, -3*q + 2*v = -1388. What is the remainder when q is divided by 47?
43
Suppose 3*c = -15, 5*u - 6*u - 2*c = -14. Calculate the remainder when 1*-1 + 3*16 is divided by u.
23
Let w(r) = r + 2. Let s = 16 + -21. Let q be w(s). What is the remainder when 18 is divided by (-10)/(-3) + (-2)/q?
2
Let h(b) = 2*b**3 + 22*b**2 + 6*b + 6. Suppose -50*v + 53*v = -30. Calculate the remainder when h(v) is divided by 49.
48
Let m = 4 - -1. Let o be (11 - -1)*((-20)/12)/5. Let v = m - o. What is the remainder when 42 is divided by v?
6
Suppose 43*p - 50*p = -1547. Calculate the remainder when p is divided by 113.
108
Suppose -5 = -g + 15. Let f = 40 - g. Calculate the remainder when f is divided by 9.
2
Suppose -24*q = -16*q - 480. What is the remainder when 237 is divided by q?
57
Let f = -344 - -397. Suppose 0*m = -2*m - 2, 3*n + 2*m = 64. Calculate the remainder when f is divided by n.
9
Let c(s) = -10*s**2 - 91*s + 8. What is the remainder when 116 is divided by c(-9)?
14
What is the remainder when 283 is divided by ((-66)/(-2))/((-1)/(18/(-27)))?
19
Let h = -3592 - -3607. Suppose 532 = 5*n - n. What is the remainder when n is divided by h?
13
Let y(n) = n**2 - 4*n - 5. Let j = -76 + 84. Calculate the remainder when 48 is divided by y(j).
21
Suppose 35*u - 3149 = -1259. What is the remainder when u is divided by 23?
8
Let v = 32 + 15. Let l = 105 - 88. What is the remainder when v is divided by l?
13
Let t(c) = 22*c**2 - 2*c - 50*c**2 + 3*c**3 + 5 + 25*c**2. Calculate the remainder when t(3) is divided by 14.
11
Suppose 2*i - 4*r = 150, i + 3*r = 114 - 29. Calculate the remainder when i is divided by 43.
36
Suppose v - 3*s = 41, s + 5 + 77 = 2*v. What is the remainder when 201 is divided by v?
37
Let b = 109 + -175. Let l = 260 + b. What is the remainder when l is divided by 22?
18
Let u(b) = -b**3 + 10*b**2 - 14*b - 17. Let w be u(7). Suppose -w = -4*a + 3*z, 3*a + 10 = 5*a - 3*z. What is the remainder when 4/14 + 542/14 is divided by a?
6
Let j(a) = a + 3. Suppose o + 2*o - 18 = 0. Suppose 310 = o*s - s. Calculate the remainder when s is divided by j(10).
10
What is the remainder when (-13)/(-39) - (-314)/3 is divided by 27?
24
Let j be ((-10)/(-3))/(2/3). Suppose 7*k + 0 - 14 = 0. Suppose 5*y = 7*n - 4*n - k, -3*n + 22 = j*y. What is the remainder when 3 is divided by y?
1
Suppose 3*b + 331 = 4*m, -m - b + 24 = -57. Calculate the remainder when 236 is divided by m.
72
Suppose o + 1 = 5. Suppose 142 = -2*b - 32. What is the remainder when o is divided by (-2)/9 - b/27?
1
Let u be 12/(-18)*(-9)/2. Suppose -u*d + 6*d = 12. Suppose -p + 3 = -d. What is the remainder when 11 is divided by p?
4
Suppose -3*s = 4*v - 102, -29 = 4*v - s - 139. Suppose -9 = q + 5*o - 2, 0 = -3*q - 3*o + v. What is the remainder when 101 is divided by q?
10
Let c = -102 - -110. What is the remainder when 93 is divided by c?
5
Let m be (-4 - -3)*(2 - 4). Suppose 6*t - 64 = m*t. Suppose -186 = 2*c - 5*c. What is the remainder when c is divided by t?
14
Let n(j) = j**3 - 15*j**2 - 14*j - 26. Let z be n(16). Suppose -z*g + 3*g + 186 = -3*q, -5*q = 15. Calculate the remainder when g is divided by 15.
14
Let i(c) = -5*c - 15. Let w(y) = 2*y + 7. Let f(b) = 4*i(b) + 7*w(b). What is the remainder when 99 is divided by f(-6)?
24
Let a(x) = -43*x - 119. Calculate the remainder when 368 is divided by a(-4).
50
Suppose 0 = y + 3*f - 68, -30*f + 28*f - 6 = 0. Calculate the remainder when 382 is divided by y.
74
Suppose 6*l - 19 = 77. Suppose o + l = 2*s, -4*s = o + 4*o - 4. Calculate the remainder when 21 is divided by s.
3
Suppose -71*w + 564 = -67*w. Calculate the remainder when w is divided by 31.
17
Let q be -1 - -1 - (-1 + -47). Let c = -33 + q. Suppose 6 - 90 = -3*d. What is the remainder when d is divided by c?
13
Let s = -16 + 16. Suppose s = -l - 5, 33 + 13 = 2*g - 4*l. Suppose -4*z + 2*z = -2*j + 80, 0 = -5*j + 4*z + 197. Calculate the remainder when j is divided by g.
11
Let n = -6 + 4. Let o be -1 + -2*(-3 - n). What is the remainder when 2 is divided by (-5 + o)*4/(-8)?
0
Let i(b) = 6*b - 12. What is the remainder when 239 is divided by i(10)?
47
Let k be (-2 - (3 - 4)) + 4. Suppose 0 = k*o + 2*o. Suppose -4*b + 188 = -4*y, -5*b + o*b + 4*y + 234 = 0. What is the remainder when b is divided by 24?
22
Let i = 271 - 202. What is the remainder when i is divided by 35?
34
Let k = 2 - -7. Suppose 4*w - 9 = -3*f, -5*w + f + 18 = 2. Suppose w*d - 5*g - 14 - 18 = 0, 4*g = 5*d - 36. What is the remainder when k is divided by d?
1
Let p = 1068 - 1050. What is the remainder when 55 is divided by p?
1
Let g(p) = 45*p + 207. Calculate the remainder when 971 is divided by g(-4).
26
Suppose 12 = g + 8, -265 = -5*w + 5*g. Calculate the remainder when 106 is divided by w.
49
Suppose 0 = -g + 2*g + 22. Let i = 1 - g. Calculate the remainder when i is divided by 3*(-2 + (-28)/(-6)).
7
Let o(h) = -h**3 - 4*h**2 - 2*h - 6. Let r be o(-4). Calculate the remainder when 72 is divided by 29 + (r + -2 - -3)/(-1).
20
Suppose -s + 23 = d, -7*d = -4*s - 12*d + 90. Calculate the remainder when 222 is divided by s.
22
Let u(b) = b**3 - 4*b + 33. Suppose 114 = -4*g + 1082. Calculate the remainder when u(0) is divided by g/14 + 8/(-28).
16
Calculate the remainder when 206 is divided by (3/9)/((-19)/(-1425)).
6
Suppose 2*p + 68 = 6*p. What is the remainder when 60*1 - (-682)/(-62) is divided by p?
15
Let n(t) = -t**2 - 8*t + 25. Suppose 5*u + 19 = -26. What is the remainder when 29 is divided by n(u)?
13
Calculate the remainder when 80 is divided by (36/(-15))/(3/20*-2).
0
Let s(x) = 34*x**3 - 4*x**2 + 5*x. Calculate the remainder when s(1) is divided by 13.
9
Let b(o) = o**2 + 7*o + 4. Let n(k) = 6*k - k**2 - 2*k**2 + 4*k**2 + 6. What is the remainder when n(-8) is divided by b(-8)?
10
Suppose -40*w - 63 = -43*w. Let f(s) = 11 + 5*s + s + 7*s + 2*s**2. What is the remainder when f(-10) is divided by w?
18
What is the remainder when 63 is divided by 2/1*(-375)/(-30)?
13
Suppose 2*w + r = 23, -3*r = -4*w + 7 + 64. Suppose l - w = -6. What is the remainder when 1/(1/29) + 1 is divided by l?
6
Let v = 2209 + -1453. Calculate the remainder when v is divided by 69.
66
Let d(a) = 8*a**3 + 2*a**2 - a - 1. Suppose 0 = -4*w + 6*w + 18. Let u = w + 27. What is the remainder when d(2) is divided by u?
15
Suppose 0 = 3*m, -10*m + 13 = z - 5*m. Calculate the remainder when 21 is divided by z.
8
Suppose -3*c + 66 = 3*m, -m + 15 + 2 = -4*c. Let k(b) = -b**2 + b + 13. Let g be k(0). Let o = -7 + g. Calculate the remainder when m is divided by o.
3
Let h(i) = -5*i**2 - 58*i + 9. What is the remainder when h(-10) is divided by 33?
23
Let i(u) = u**3 + 5*u**2 - 9*u - 13. Let g be i(-6). Suppose -t = -g, 3*w - 5*t - 116 = -33. What is the remainder when w is divided by 14?
8
Suppose 7*v + 44*v = 765. What is the remainder when 328 is divided by v?
13
Suppose -5*k = 2*f - 6 - 39, 4*k - f - 23 = 0. Calculate the remainder when k is divided by 8/(-18) - 682/(-279).
1
Let m(t) = -4*t - 9. Let h(c) = -c**2 + 4*c - 3. Let f be h(5). Calculate the remainder when 90 is divided by m(f).
21
Suppose 2*b - 52*h - 154 = -49*h, 5*h = -b + 77. What is the remainder when b is divided by 39?
38
Let y(c) = 3*c**2 + 65*c - 132. Let w = -4 + 23. Calculate the remainder when w is divided by y(2).
9
Suppose -502*t - 540 = -508